{"id":158,"date":"2024-05-23T10:32:19","date_gmt":"2024-05-23T10:32:19","guid":{"rendered":"https:\/\/apartmanribic.com\/?page_id=158"},"modified":"2024-05-23T11:37:20","modified_gmt":"2024-05-23T11:37:20","slug":"apartman-2-ribic-ogulin","status":"publish","type":"page","link":"https:\/\/apartmanribic.com\/index.php\/apartman-2-ribic-ogulin\/","title":{"rendered":"Apartman 2 &#8211; RIBI\u010c Ogulin"},"content":{"rendered":"\n<p>Apartman 2 &#8211; RIBI\u010c Ogulin nalazi se u gradu Bajki, u mirnoj ulici 500 m od centra grada Ogulina.<\/p>\n\n\n\n<p>Kapacitet apartmana je 6 osoba (2 sobe, svaka soba je opremljena bra\u010dnim krevetom i krevetom za jednu osobu).<\/p>\n\n\n\n<p><br>\u2665\ufe0f Djeci u dobi do 4 godine dje\u010dji kreveti\u0107 na raspolaganju<br>\u2744\ufe0f Klima ure\u0111aj<br>\ud83d\udd25 Grijanje centralno<br>\ud83d\udc6a Sadr\u017eaj za djecu u apartmanu i ispred apartmana<br>\ud83d\ude97 Parking<br>\ud83d\udcfa Tv i Wi-Fi<br>\ud83c\udf32 \ud83c\udfd4\ufe0f \ud83c\udf33 Veliki balkon s pogledom na planinu Klek, vo\u0107njak i \u0161umu<br>\u2b50\u2b50\u2b50 Apartman je novoure\u0111en i opremljen sa svim potrebnim kako bi se osje\u0107ali ugodno i zadovoljno <\/p>\n\n\n\n<p>Od opreme na raspolaganju je tv, internet, hladnjak, pe\u0107nica, kuhalo za vodu, toster, posu\u0111e i pribor za jelo, perilica rublja, su\u0161ilo za kosu te kozmeti\u010dki set.<\/p>\n\n\n<div class=\"wp-block-image\">\n<figure class=\"aligncenter size-full\"><a href=\"https:\/\/apartmanribic.com\/index.php\/galerija-apartman-2-ribic\/\"><img loading=\"lazy\" decoding=\"async\" width=\"1000\" height=\"1000\" src=\"https:\/\/apartmanribic.com\/wp-content\/uploads\/2024\/05\/A2.jpg\" alt=\"\" class=\"wp-image-205\" srcset=\"https:\/\/apartmanribic.com\/wp-content\/uploads\/2024\/05\/A2.jpg 1000w, https:\/\/apartmanribic.com\/wp-content\/uploads\/2024\/05\/A2-300x300.jpg 300w, https:\/\/apartmanribic.com\/wp-content\/uploads\/2024\/05\/A2-150x150.jpg 150w, https:\/\/apartmanribic.com\/wp-content\/uploads\/2024\/05\/A2-768x768.jpg 768w, https:\/\/apartmanribic.com\/wp-content\/uploads\/2024\/05\/A2-850x850.jpg 850w\" sizes=\"auto, (max-width: 1000px) 100vw, 1000px\" \/><\/a><\/figure>\n<\/div>\n\n\n<p><\/p>\n\n\n\n<p class=\"has-text-align-center\"><a href=\"https:\/\/apartmanribic.com\/index.php\/galerija-apartman-2-ribic\/\"><strong>Apartman 2 &#8211; RIBI\u010c &#8211; galerija fotografija<\/strong><\/a><\/p>\n","protected":false},"excerpt":{"rendered":"<p>Apartman 2 &#8211; RIBI\u010c Ogulin nalazi se u gradu Bajki, u mirnoj ulici 500 m od centra grada Ogulina. Kapacitet apartmana je 6 osoba (2 sobe, svaka soba je opremljena bra\u010dnim krevetom i krevetom za jednu osobu). \u2665\ufe0f Djeci u dobi do 4 godine dje\u010dji kreveti\u0107 na raspolaganju\u2744\ufe0f Klima ure\u0111aj\ud83d\udd25 Grijanje centralno\ud83d\udc6a Sadr\u017eaj za djecu&#8230;<\/p>\n","protected":false},"author":1,"featured_media":0,"parent":0,"menu_order":0,"comment_status":"closed","ping_status":"closed","template":"","meta":{"om_disable_all_campaigns":false,"_monsterinsights_skip_tracking":false,"_monsterinsights_sitenote_active":false,"_monsterinsights_sitenote_note":"","_monsterinsights_sitenote_category":0,"ngg_post_thumbnail":0,"footnotes":""},"class_list":["post-158","page","type-page","status-publish","hentry"],"aioseo_notices":[],"_links":{"self":[{"href":"https:\/\/apartmanribic.com\/index.php\/wp-json\/wp\/v2\/pages\/158","targetHints":{"allow":["GET"]}}],"collection":[{"href":"https:\/\/apartmanribic.com\/index.php\/wp-json\/wp\/v2\/pages"}],"about":[{"href":"https:\/\/apartmanribic.com\/index.php\/wp-json\/wp\/v2\/types\/page"}],"author":[{"embeddable":true,"href":"https:\/\/apartmanribic.com\/index.php\/wp-json\/wp\/v2\/users\/1"}],"replies":[{"embeddable":true,"href":"https:\/\/apartmanribic.com\/index.php\/wp-json\/wp\/v2\/comments?post=158"}],"version-history":[{"count":5,"href":"https:\/\/apartmanribic.com\/index.php\/wp-json\/wp\/v2\/pages\/158\/revisions"}],"predecessor-version":[{"id":206,"href":"https:\/\/apartmanribic.com\/index.php\/wp-json\/wp\/v2\/pages\/158\/revisions\/206"}],"wp:attachment":[{"href":"https:\/\/apartmanribic.com\/index.php\/wp-json\/wp\/v2\/media?parent=158"}],"curies":[{"name":"wp","href":"https:\/\/api.w.org\/{rel}","templated":true}]}}